k?
15
Suppose -4*b + 8 = -8*b. Let r be 45/b*2150/(-125). Calculate the greatest common divisor of 43 and r.
43
Let n(k) = 1507*k - 2244. Let l be n(2). What is the greatest common divisor of l and 275?
55
Let u(l) = 8 + 8 + 303*l - 4 - 302*l. Let c be u(-8). Calculate the highest common factor of c and 10.
2
Let h(w) = -4*w**3 - 5*w**2 - w + 5. Let a be h(-2). Suppose 0 = 5*f + a*f - 336. Calculate the highest common divisor of f and 14.
14
Suppose 3825*c - 3820*c = 2790. Calculate the highest common divisor of 434 and c.
62
Let j = 597 + -534. Suppose c = -5*b + 1047, -65*c = b - j*c - 204. Calculate the highest common divisor of 60 and b.
30
Let v be 1*((-22)/(-6))/(113/3729). Calculate the greatest common factor of v and 55.
11
Suppose 2*i = 2*p + 854, 0 = -104*i + 100*i + p + 1705. What is the greatest common divisor of i and 1065?
213
Let f(g) = g**2 + 7*g + 13. Let t be (4 + 0)*66/(-88). Let l be f(t). Let k be ((-15)/45)/(112/114 - l). Calculate the highest common divisor of k and 95.
19
Suppose 231*l = 243*l - 5400. Let c = -438 + l. What is the highest common divisor of c and 3?
3
Suppose -5*j - 10*j + 157680 + 26970 = 0. What is the greatest common divisor of 20 and j?
10
Let b(h) = 40*h + 2172. Let o be b(-53). What is the highest common divisor of o and 3315?
13
Let b be 106/22 + 10/55. Suppose -b*w - 939 = -4*m + 2*m, 2*m + 2*w - 946 = 0. Calculate the highest common divisor of m and 8.
8
Let c(o) = 41*o + 1979. Let d be c(-47). Calculate the highest common factor of 2444 and d.
52
Let z(i) = 8*i**2 + 10*i - 10. Let p be z(2). What is the highest common divisor of p and 1134?
42
Suppose 5*u = 23 + 27. Let x = 8770 - 8540. Calculate the greatest common divisor of u and x.
10
Let c = 206 + 340. What is the highest common factor of c and 210?
42
Let a(d) = 10*d**2 + 48*d + 120. Let f be a(-30). What is the greatest common factor of 15 and f?
15
Suppose 2*u - 124 = -26. Let l = 17836 - 17297. Calculate the greatest common factor of l and u.
49
Let s = 2367 - 684. Calculate the greatest common factor of s and 198.
99
Let y = -4055 - -4154. What is the highest common divisor of 369 and y?
9
Suppose -30*p = -50*p + 1000. What is the highest common factor of p and 320?
10
Let f be (22 + -44)/(2 - 4/((-56)/(-29))). What is the highest common factor of f and 451?
11
Suppose -8*s + 3*s + 400 = 0. Let q be 12456/432 - (-7)/6. Calculate the greatest common divisor of s and q.
10
Let s be ((-35)/4)/((-550)/4840). Let f = 100 + -67. What is the highest common factor of s and f?
11
Let p be 12/(-2)*85*442/(-390). What is the highest common divisor of 68 and p?
34
Let p = -1391 + 1545. Calculate the highest common factor of 11 and p.
11
Let l be 2/(-3) + 42/(-18). Let v be 4 + l/3 + -1. Suppose 5*k + 0*n - 27 = v*n, -2*k - 3*n = -7. What is the highest common factor of k and 5?
5
Let q be (-4)/(-22) - (-14 - 357/33). Calculate the highest common divisor of 5275 and q.
25
Let l = 2222 + -2192. Calculate the highest common divisor of l and 240.
30
Let p(b) = 587*b**2 - 2*b - 10. Let x be p(-2). Suppose -3*g - 4*z + 1507 = 0, -3*z + x - 342 = 4*g. What is the greatest common factor of g and 7?
7
Let u(i) = 95*i**2 + i. Let c be u(-1). Suppose 32*b - 2003 = 193 + 364. Let w = c - b. What is the greatest common divisor of w and 42?
14
Let l = 20 - 7. Let k(s) = -3*s - 36. Let q be k(-16). Let p(m) = 2*m**2 - 24*m + 52. Let v be p(q). Calculate the greatest common factor of v and l.
13
Suppose 0 = -5*f + 4*f + 12. Let t be 24/(f/3) + 2 + 0. Let h be (10 - 2)*10/t. What is the greatest common divisor of h and 40?
10
Let m = -33 - -36. Let q be 2/(-7) + (-23)/(-7). Let g be 1 + -3*(-4 - (-4)/q). What is the greatest common divisor of m and g?
3
Suppose 4*c = -3*d - 40 + 293, 0 = 3*c - 4*d - 171. Suppose -c + 51 = -2*n. Let t = 10 - 5. Calculate the highest common factor of n and t.
5
Suppose -l + 4*g = 13, 2*l - 2*g + g - 2 = 0. Suppose 0 = 769641*u - 769622*u - 152. Calculate the greatest common factor of u and l.
1
Let m(r) = -27 + r**2 - 6 - 77 + 8 - 17*r. Let o be m(25). Calculate the highest common factor of 70 and o.
14
Suppose -4*l + 27 - 3 = 0. Let d = 16710 - 16644. Calculate the greatest common factor of d and l.
6
Suppose 21 = 21*b - 18*b, -2*j = 5*b - 26155. Calculate the greatest common factor of 20 and j.
20
Let d(t) = -t**3 - 7*t**2 - t + 14. Let q be d(-7). Suppose 0 = x + 7 - q. Suppose -90 = 11*u - x*u. Calculate the highest common divisor of u and 12.
6
Let j be (15 + -1)*(2/1 + -1). Suppose -2*r + 2*t + 60 = -2*t, -2*t = r - 26. Calculate the highest common factor of r and j.
14
Let q = -51 + 52. Let j be (q - 0 - (-7)/(-14))*8. Let x be ((-12)/(-18))/(j/306). What is the greatest common divisor of 17 and x?
17
Suppose x + 97 = j, 1421*x = j + 1416*x - 117. Calculate the highest common factor of j and 644.
92
Suppose 0 = -13*u - 16*u + 624225. What is the greatest common divisor of 50 and u?
25
Let l(h) be the first derivative of h**4/4 - 13*h**3/3 + 15*h**2/2 + 2*h - 94. Let d be l(14). Calculate the highest common factor of d and 12.
12
Suppose 1 = -v, r + r = -5*v + 31. Let s = 22 - r. Suppose n = -p + 2*n + 32, 2*p + 2*n - 64 = 0. What is the greatest common factor of p and s?
4
Let j = 2 - 2. Suppose j = 4*o - o - 648. Let k(h) = -1458*h - 51006. Let n be k(-35). Calculate the highest common factor of o and n.
24
Let c = 2434 - 3873. Let q be 1/3*(-14 - c). Suppose 4*g + 2*w - 285 = 95, -3*w = -5*g + q. Calculate the greatest common divisor of g and 5.
5
Let m be 8*(-3 + (-195)/(-52)). Let x(f) = f**2 + 10*f. Let r be x(-8). Let p be ((-9)/12)/(6/r). Calculate the greatest common divisor of m and p.
2
Suppose -2*u - 12 = -3*g - 2, 0 = 4*u + 4*g. Let v be (u/3)/(9/(-1113 - -6)). Suppose -v = -3*o + 62. Calculate the highest common divisor of 48 and o.
48
Suppose -4*c + 29 = -67. Suppose 0 = -3*r - 2*m - 173, 2*r - 3*m = -0*m - 137. Let d = 69 + r. Calculate the greatest common factor of d and c.
8
Suppose -3*u - k = 226, 0*k + 2*k + 72 = -u. Let n = u - -76. Let p be 4 + (n - 0) + 4. Calculate the greatest common divisor of p and 64.
8
Let f = 2815 - 2747. Let t(x) = -x + 6. Let r be t(4). Suppose -r*v = -107 - 97. What is the greatest common divisor of f and v?
34
Let u(f) = -7*f - 1. Let s be u(-2). Let o be 7/((-14)/(-6)) + -8. Let k be (26/o)/((-10)/25). What is the greatest common divisor of s and k?
13
Suppose -15*o - 167 = -302. Calculate the highest common factor of 327 and o.
3
Let k be 2 - -1 - ((-7)/(28/(-16)) + -3). Let l be (5 - -1) + 12/(-4). Calculate the highest common factor of l and k.
1
Let y = -3029 + 3148. What is the highest common divisor of 323 and y?
17
Suppose -3*r - 56 = -0*r + 4*j, 0 = 4*r + 4*j + 76. Let i be (-503)/(-4) - (3 - (-45)/r). Let p = i + -83. What is the greatest common factor of 12 and p?
6
Suppose 102*m - 26112 = 68*m. Calculate the highest common factor of 36 and m.
12
Let b be (456/10)/((-4)/(-10)). Let u = 121 - b. What is the highest common factor of u and 7?
7
Let v be (-15 - 261/(-18)) + 1/(-2)*-15253. What is the greatest common factor of 62 and v?
62
Let i be (-27)/(-9)*(-2)/(-6). Let m be ((-38)/(-4))/(i/22). What is the highest common divisor of 19 and m?
19
Suppose 0 = -4*z + 47 + 97. Suppose 0 = 2*a - 4*f - 110, -7*a = -34*f + 38*f - 295. Calculate the greatest common divisor of a and z.
9
Let m(j) = 13*j - 31. Let f be m(22). Suppose 5*o - 2*o + 5*a = 115, -2*a = 2*o - 70. What is the greatest common divisor of o and f?
15
Let o = -333 - -475. Suppose 0 = 2*m - 4*w - 68, -4*m = -7*w + 5*w - o. Calculate the highest common divisor of m and 132.
12
Let j be -45*(-22 + -38 + 26). What is the greatest common divisor of j and 1632?
102
Let x = -1095 - -18848. What is the greatest common divisor of 41 and x?
41
Let j be (8/(-3))/((-6)/9). Suppose -a + j*g + 30 = 0, -9*a + 4*a + 4*g = -182. Let y = -1169 + 1264. Calculate the greatest common factor of y and a.
19
Suppose -115*x = -125*x + 109650. Suppose -14*w = -31*w + x. What is the highest common factor of w and 15?
15
Let v be (-22)/2 + 4 - -59. Suppose v*c - 55*c + 66 = 0. Calculate the highest common factor of 11 and c.
11
Let h(p) = 78*p**2 - 4*p + 1. Let k be h(-2). Suppose -7*r + k = -351. Suppose -39 = -9*f + r. What 